when 40397 is divided by 612.
5
Calculate the remainder when 625986 is divided by 694.
692
What is the remainder when 4376 is divided by 1029?
260
What is the remainder when 27591 is divided by 139?
69
What is the remainder when 1626896 is divided by 116?
112
Calculate the remainder when 42085 is divided by 235.
20
Calculate the remainder when 937 is divided by 9.
1
What is the remainder when 2943 is divided by 95?
93
Calculate the remainder when 237253 is divided by 78997.
262
What is the remainder when 7734 is divided by 143?
12
What is the remainder when 215802 is divided by 74?
18
Calculate the remainder when 14830 is divided by 7413.
4
What is the remainder when 2486 is divided by 1199?
88
Calculate the remainder when 30745 is divided by 183.
1
Calculate the remainder when 142199 is divided by 72.
71
Calculate the remainder when 2602 is divided by 9.
1
What is the remainder when 244549 is divided by 52?
45
Calculate the remainder when 61481 is divided by 8782.
7
What is the remainder when 69686 is divided by 13?
6
What is the remainder when 17750 is divided by 1127?
845
Calculate the remainder when 1636 is divided by 615.
406
What is the remainder when 8085 is divided by 289?
282
What is the remainder when 272952 is divided by 516?
504
What is the remainder when 88134 is divided by 958?
956
Calculate the remainder when 96381 is divided by 21.
12
Calculate the remainder when 344 is divided by 189.
155
Calculate the remainder when 9780 is divided by 136.
124
What is the remainder when 1998 is divided by 570?
288
What is the remainder when 82028 is divided by 13?
11
Calculate the remainder when 223932 is divided by 71.
69
What is the remainder when 201491 is divided by 458?
429
What is the remainder when 475775 is divided by 96?
95
Calculate the remainder when 16508 is divided by 2673.
470
Calculate the remainder when 14813 is divided by 56.
29
What is the remainder when 9474 is divided by 2?
0
Calculate the remainder when 18582 is divided by 100.
82
Calculate the remainder when 742653 is divided by 29.
21
Calculate the remainder when 25228 is divided by 1473.
187
What is the remainder when 105580 is divided by 52786?
8
Calculate the remainder when 17364 is divided by 26.
22
Calculate the remainder when 745 is divided by 352.
41
What is the remainder when 9144 is divided by 4561?
22
What is the remainder when 105791 is divided by 105669?
122
Calculate the remainder when 833918 is divided by 58.
52
Calculate the remainder when 10103 is divided by 2439.
347
Calculate the remainder when 33294 is divided by 43.
12
Calculate the remainder when 38790 is divided by 1690.
1610
What is the remainder when 85685 is divided by 422?
19
What is the remainder when 161441 is divided by 178?
173
What is the remainder when 680790 is divided by 58?
44
What is the remainder when 1026479 is divided by 520?
519
What is the remainder when 234765 is divided by 78255?
0
What is the remainder when 1047835 is divided by 74?
69
Calculate the remainder when 47243 is divided by 250.
243
Calculate the remainder when 3923 is divided by 17.
13
What is the remainder when 353904 is divided by 70780?
4
What is the remainder when 10413 is divided by 435?
408
Calculate the remainder when 2835 is divided by 2833.
2
What is the remainder when 228607 is divided by 256?
255
What is the remainder when 114878 is divided by 114873?
5
What is the remainder when 53158 is divided by 82?
22
What is the remainder when 62613 is divided by 208?
5
Calculate the remainder when 915446 is divided by 82.
80
Calculate the remainder when 17778 is divided by 658.
12
What is the remainder when 3564 is divided by 237?
9
What is the remainder when 413823 is divided by 47?
35
Calculate the remainder when 51876 is divided by 25917.
42
Calculate the remainder when 66683 is divided by 22225.
8
Calculate the remainder when 16635 is divided by 1373.
159
What is the remainder when 22182 is divided by 7386?
24
Calculate the remainder when 1752611 is divided by 9.
5
Calculate the remainder when 1700 is divided by 124.
88
What is the remainder when 742 is divided by 362?
18
What is the remainder when 525651 is divided by 866?
855
Calculate the remainder when 88475 is divided by 140.
135
What is the remainder when 5186 is divided by 344?
26
What is the remainder when 74935 is divided by 3406?
3
Calculate the remainder when 1528 is divided by 63.
16
Calculate the remainder when 178616 is divided by 35.
11
What is the remainder when 155 is divided by 63?
29
What is the remainder when 67499 is divided by 4496?
59
What is the remainder when 539 is divided by 244?
51
What is the remainder when 67245 is divided by 800?
45
What is the remainder when 2580 is divided by 310?
100
Calculate the remainder when 36847 is divided by 275.
272
What is the remainder when 118677 is divided by 10?
7
Calculate the remainder when 2189 is divided by 609.
362
What is the remainder when 161707 is divided by 161680?
27
What is the remainder when 222816 is divided by 186?
174
What is the remainder when 1861 is divided by 489?
394
Calculate the remainder when 12841 is divided by 121.
15
Calculate the remainder when 565264 is divided by 2026.
10
Calculate the remainder when 52133 is divided by 76.
73
What is the remainder when 35 is divided by 33?
2
Calculate the remainder when 154670 is divided by 4833.
14
Calculate the remainder when 41287 is divided by 3219.
2659
What is the remainder when 4842 is divided by 2384?
74
What is the remainder when 811482 is divided by 107?
101
Calculate the remainder when 72102 is divided by 345.
342
Calculate the remainder when 11777 is divided by 124.
121
What is the remainder when 502 is divided by 201?
100
What is the remainder when 1510 is divided by 474?
88
What is the remainder when 149675 is divided by 202?
195
What is the remainder when 1086717 is divided by 3?
0
Calculate the remainder when 42043 is divided by 15.
13
Calculate the remainder when 62165 is divided by 1828.
13
Calculate the remainder when 38712 is divided by 26.
24
What is the remainder when 143893 is divided by 123?
106
What is the remainder when 1479 is divided by 295?
4
What is the remainder when 1021 is divided by 363?
295
Calculate the remainder when 32206 is divided by 358.
344
Calculate the remainder when 103020 is divided by 51455.
110
Calculate the remainder when 70557 is divided by 2613.
6
Calculate the remainder when 7118 is divided by 296.
14
What is the remainder when 940818 is divided by 4545?
3
What is the remainder when 73324 is divided by 376?
4
Calculate the remainder when 121521 is divided by 246.
243
Calculate the remainder when 545993 is divided by 272976.
41
Calculate the remainder when 13094 is divided by 2711.
2250
Calculate the remainder when 318671 is divided by 783.
773
What is the remainder when 7248 is divided by 315?
3
Calculate the remainder when 49634 is divided by 34.
28
Calculate the remainder when 650827 is divided by 59.
57
Calculate the remainder when 18647 is divided by 3725.
22
Calculate the remainder when 1405 is divided by 54.
1
Calculate the remainder when 70959 is divided by 10.
9
Calculate the remainder when 14590 is divided by 128.
126
Calculate the remainder when 18436 is divided by 9214.
8
Calculate the remainder when 1402391 is divided by 1753.
1744
Calculate the remainder when 228527 is divided by 552.
551
Calculate the remainder when 1676342 is divided by 145.
142
What is the remainder when 683924 is divided by 6?
2
What is the remainder when 498476 is divided by 266?
258
What is the remainder when 115079 is divided by 210?
209
What is the remainder when 11010 is divided by 143?
142
Calculate the remainder when 4020 is divided by 1330.
30
Calculate the remainder when 105903 is divided by 16.
15
What is the remainder when 18612 is divided by 214?
208
What is the remainder when 18245 is divided by 9122?
1
What is the remainder when 703 is divided by 71?
64
What is the remainder when 437624 is divided by 31?
28
Calculate the remainder when 1942 is divided by 890.
162
Calculate the remainder when 2372095 is divided by 226.
225
What is the remainder when 201672 is divided by 2266?
2264
Calculate the remainder when 28682 is divided by 5736.
2
What is the remainder when 275199 is divided b